e prime factors of h.
2, 3, 7
Let n(b) = b + 2. Let d be n(-2). Let s be 21/3 + (d - -3). Suppose 6*p = s*p - 76. What are the prime factors of p?
19
Suppose -2*z + 0*z + 4*z = 0. Suppose z = 8*f - 2*f - 222. What are the prime factors of f?
37
Suppose 279 = -24*v + 23*v. Let d = -180 - v. What are the prime factors of d?
3, 11
Let x(q) = 177*q + 5. Let v be x(2). Let u = v - 174. What are the prime factors of u?
5, 37
Let t be 17/(-2) - 15/10. What are the prime factors of ((-946)/(-55))/((-4)/t)?
43
Let p = -48 + 51. Suppose -p*i + 11 = -16. List the prime factors of i.
3
Suppose 3*c + 3*j = 2562, -j = 2*c - 0*j - 1708. List the prime factors of c.
2, 7, 61
Suppose -17*n - 18032 = -21*n - 3*w, -5*n - w + 22540 = 0. What are the prime factors of n?
2, 7, 23
List the prime factors of (-153140)/(-585) + (-2)/(-9).
2, 131
Let z = 27 - 18. Suppose 12*a - 9 = z*a. Suppose 0 = -a*b + 10 + 167. What are the prime factors of b?
59
Let n = -1477 - -4964. What are the prime factors of n?
11, 317
Let o = 20 - 17. Suppose 23 = 4*m + o*p, 4*p - 10 - 10 = 0. Suppose m*c + 24 = 4*c. What are the prime factors of c?
2, 3
Let z = 2598 - 490. List the prime factors of z.
2, 17, 31
Suppose 16*f + 30 = 11*f. List the prime factors of (61/(-2))/(3/f).
61
Suppose -3*v + b - 3*b = -22, 5*v + b - 25 = 0. Suppose -v*w + 2*w + 404 = 0. What are the prime factors of w?
2, 101
Let s = 467 + 308. What are the prime factors of s?
5, 31
Let k be (6/6)/(1/8). Let r = k + -7. List the prime factors of 6*2/r + 0.
2, 3
Let r = 726 + -303. What are the prime factors of r?
3, 47
Let z = -41 + 15. Let v be -2 + 1*(2 - 4). What are the prime factors of (-5269)/(-143) + v/z?
37
Let q = -4895 - -7008. List the prime factors of q.
2113
Let z be (-4)/(-10) + (-5030)/(-50). Suppose -2*d + 111 = -z. Suppose -5*w + 49 + 125 = a, 0 = 3*w + a - d. What are the prime factors of w?
2, 17
Suppose 0*f = -f - 2*z - 3, 0 = 5*f + 2*z - 9. Let j be -6*-3*f/9. What are the prime factors of 4*(5 + -2 + j)?
2, 3
Let b(k) = k**3 + 7*k**2 + k - 10. Let d be b(-7). Let y = -13 - d. Suppose 3 = y*g - 9. What are the prime factors of g?
3
Suppose 0 = 5*l, -7*l = -5*b - 2*l - 135. Suppose x + r = -x + 35, -4*x + 5*r = -63. Let v = x - b. What are the prime factors of v?
2, 11
Let s = 285 - 180. Let y be s/20 + (-3)/12. Suppose 24 = 3*b - b + y*t, 2*t + 30 = b. List the prime factors of b.
2, 11
List the prime factors of 36/(-36) - (1 - 2)*1538.
29, 53
Let i(l) = -l**3 + 10*l**2 + 6*l + 1. Let v(m) = -2*m**3 + 21*m**2 + 12*m + 2. Let o(q) = -5*i(q) + 3*v(q). What are the prime factors of o(12)?
7, 31
Suppose -3*u - 4*v + 598 = -211, 0 = 4*u + 2*v - 1062. List the prime factors of u.
263
Suppose -4*v = -t - 120, 0 = -t - 10 + 6. What are the prime factors of v?
29
Suppose -12 = -l - 2. Suppose l = -g + 3*g. Suppose -g*b = -b - 16. What are the prime factors of b?
2
Let a(p) = 16*p**2 - 30*p - 191. List the prime factors of a(-7).
11, 73
Suppose 3*r - 9 = 3*s - 135, 50 = s - 3*r. Let p be (-3 - -6) + s + -6. Let f = -23 + p. List the prime factors of f.
2, 3
Let v(c) = 3*c - 4 + 2 - 10*c + 1. List the prime factors of v(-8).
5, 11
Let g be 5/1*(-88)/(-110). Suppose -g*c - d + 4*d + 24 = 0, 2*c - 12 = 3*d. Suppose s - c*s = -110. List the prime factors of s.
2, 11
Let p(z) = 6*z - 3. Let f be (-3)/3 - (1 + -4). Let k be p(f). List the prime factors of (2 - -2)*(-1 + k).
2
Suppose -30*x = -28*x. Suppose x = 3*q - 4*q + 65. List the prime factors of q.
5, 13
Let f(o) = 2 - 3*o**3 + 3*o - o**3 + 0 + 3*o**3 - o**2. List the prime factors of f(-3).
11
Let o(t) = -37*t - 8. Let r be o(-8). Suppose x = -3*x + r. Suppose -2*p = -4*c - 116, -c - 4*c + x = p. What are the prime factors of p?
2, 31
Let z(q) = -129*q. Let o be z(2). Let w be 4/(-14) + o/(-21). Let u = -5 + w. List the prime factors of u.
7
Let p(o) = 13*o**2 - 5*o + 12*o - 12*o**2. Let f be p(-7). Suppose f*r + r - 54 = 0. List the prime factors of r.
2, 3
Let j = -50 - -39. List the prime factors of -2 - (-3 + j - 2).
2, 7
Suppose 14*k - 10*k - 17800 = 0. List the prime factors of k.
2, 5, 89
Suppose 2331 = 12*g - 5*g. What are the prime factors of g?
3, 37
Suppose 22 = 3*d + 4. Suppose 0 = 4*v + 2 - d. What are the prime factors of (5 + 24)*(0 + v)?
29
What are the prime factors of ((-3076)/(-16))/((-2)/(-16))?
2, 769
Let k(u) = 77*u + 1. Let p be k(6). Let l be p/4 + (-3)/(-12). Suppose -4*c + 2*o + l = -0*o, 4*c - 5*o - 110 = 0. What are the prime factors of c?
2, 3, 5
Let c(h) = -h**3 - 8*h**2 - 7*h + 8. Let p = 23 + -30. List the prime factors of c(p).
2
Suppose 4*y = 7*y + 4*i + 15, 0 = 3*i + 9. Let m be -2*y/(-4)*-6. Suppose -w = 3*w + m*k - 66, 0 = 4*w - 4*k - 80. What are the prime factors of w?
2, 3
Let h = 286 - -6. Let n be (h/(-8) - -2)*-2. Suppose -n = -6*z - 3. What are the prime factors of z?
11
Let m(s) = -s**2 + 3*s + 6. Let n be m(4). Suppose -245 = -5*q - n*z + 213, 186 = 2*q - 2*z. List the prime factors of q.
2, 23
Suppose -93 = -2*d + 5*d. Let a(y) = -y**3 + 10*y**2 - y - 11. Let o be a(10). Let u = o - d. List the prime factors of u.
2, 5
Let i = 1 - -1. Suppose 2*m = -3*w + 10 - 29, 0 = -i*m - 5*w - 21. What are the prime factors of 342/21 - m/(-28)?
2
Suppose 7*f - 21868 = -21*f. List the prime factors of f.
11, 71
Let i(k) = 128*k**2 - 3*k - 8. Let x(s) = -s**2 - s - 1. Let q(f) = i(f) - 6*x(f). What are the prime factors of q(1)?
3, 5
Suppose -2*c + 7 = 3*y - 2*y, 11 = -2*c + 5*y. Suppose 2*s - 208 = -3*r, 5*s = c - 22. List the prime factors of r.
2, 3
Let i(v) = 678*v - 1065. What are the prime factors of i(9)?
3, 23, 73
Suppose 3*y - 1853 = -4*s + 9*s, 3*y = 2*s + 1868. What are the prime factors of y?
2, 313
Let s(q) = q**3 - 4*q**2 + 2*q + 6. Let y be s(3). Suppose 564 = y*i - 0*i. List the prime factors of i.
2, 47
Let k be (2 - -1)*340*1/(-3). Let h = k + 552. What are the prime factors of h?
2, 53
List the prime factors of (5202/15)/(8/20) - 3.
2, 3
Let c be (-2 - -1)*364/2. Let u = -93 - c. What are the prime factors of u?
89
Let h(d) = d**3 - 12*d**2 + 11*d + 2. Let k be h(11). Suppose 3*v + 10 + k = 0. What are the prime factors of ((-3)/v)/(9/180)?
3, 5
Let j(d) = d**3 + 2*d**2 - 2*d + 15. Let k be j(-4). Let f(w) = -11 + 3*w + 4 - 9*w. List the prime factors of f(k).
47
Let r(v) = 291*v**3 + 2*v**2 - 4*v + 1. Let g be r(1). Let b = g - 167. List the prime factors of b.
3, 41
Let v = -5 + 8. Let o be (3/6 + v)*6. Suppose 0 = r + 3 - o. What are the prime factors of r?
2, 3
Let o(x) = -62*x**3 - 12*x**2 - 35*x + 10. What are the prime factors of o(-4)?
2, 13, 151
Let f = 681 + 95. List the prime factors of f.
2, 97
Let c = 11 + 24. What are the prime factors of (-8)/(-14) - (-2010)/c?
2, 29
Let z be 4888/65 + (-2)/10. Let r = z + -18. Let c = r - 25. List the prime factors of c.
2
Let z = -7 + 29. Let t(m) = -m**2 + 2*m + 4. Let y be t(5). Let j = z + y. List the prime factors of j.
11
Let f = -430 - -968. Suppose -202 + f = 3*t. List the prime factors of t.
2, 7
Suppose -75116 = -38*i + 112148. List the prime factors of i.
2, 7, 11
Let m be 9 + -1*(5 + -1). Let z = 74 - -91. Suppose m*v = -0*v + z. What are the prime factors of v?
3, 11
Let a be (-1)/(-4)*2*0. Let b be (-4 + a)*(-10)/8. Suppose 9*s = b*s + 60. List the prime factors of s.
3, 5
Let d = 123 - 76. Suppose -4*m - 5*y + d = -m, 29 = 2*m + y. List the prime factors of m.
2, 7
Let p(c) = 3*c**2 - 9*c + 16. Let v be p(4). Suppose 0 = -v*z + 23*z + 220. What are the prime factors of z?
2, 11
Let a(g) = 8*g**2 + 68*g - 27. List the prime factors of a(-17).
1129
Let v = 57 - 30. Let w = v - -17. Let j = -31 + w. What are the prime factors of j?
13
Let z = 825 - 68. What are the prime factors of z?
757
Suppose 2*k + f - 5 = 0, 5 = -3*k + 5*f + 19. List the prime factors of (-8)/(-20)*(8 - k).
2
Let u = 8603 + -5112. List the prime factors of u.
3491
Suppose -94*c + 2898 = -80*c. What are the prime factors of c?
3, 23
Suppose -11 = -4*p + 5. Let r be (-2 - (-2)/p)*-242. What are the prime factors of ((-1)/3)/((-11)/r)?
11
Let u(v) = 34*v**2 - 25*v - 10. Let b(r) = 17*r**2 - 12*r - 5. Let x(o) = 7*b(o) - 3*u(o). List the prime factors of x(-3).
5, 7
Let c = 4865 - 709. List the prime factors of c.
2, 1039
Let i be 10*(4/5)/((-10)/(-250)). Suppose 32*w = 37*